/(-2)*(-1)/(-1). Let u be (-2 - o)/(-2)*-2. Let i be ((-60)/(-50))/(u/(-5)). What is the greatest common factor of 33 and i?
3
Suppose 7*a + 1 = 15. Suppose -6*j + 48 = -a*j - 4*i, -4*j + 3*i + 46 = 0. Suppose 2*m = -2*m + 160. What is the greatest common divisor of j and m?
10
Let d be (-1276)/6*(-111)/74. Calculate the highest common divisor of d and 116.
29
Let h be 15*1/(-2) - (-1)/2. Let v(f) = -5*f - 13. Let x be v(h). What is the greatest common factor of 176 and x?
22
Let h(b) = -7*b**2 + 6*b - 14. Let a(p) = -4*p**2 + 3*p - 7. Let n(k) = 5*a(k) - 3*h(k). Let c be n(4). Calculate the greatest common divisor of c and 33.
11
Let d(j) = -4*j + 108. Let o be d(20). Calculate the highest common factor of 7 and o.
7
Let q(t) = t**2 + 8*t + 4. Let l be 0/1 - (0 - -9). Let g be q(l). Let f be 39/2*(-4)/(-6). Calculate the highest common factor of f and g.
13
Let d(g) = -g - 102. Let u(f) = f + 51. Let o(i) = 3*d(i) + 5*u(i). Let a be o(31). What is the greatest common factor of a and 99?
11
Suppose -4*a - 4 = 0, -426 = -5*x - 17*a + 13*a. What is the greatest common divisor of x and 602?
86
Let i(f) = 1. Let p(w) = 10*w - 4. Let s(m) = 6*i(m) + 3*p(m). Let k be s(2). Calculate the highest common factor of 18 and k.
18
Suppose 0 = 4*i - 427 - 789. Let k be (-1)/(-3) - i/12. Let f = k - -52. What is the highest common factor of f and 9?
9
Let b be (-1 - (-88)/(-2))*(-34)/51. Calculate the highest common factor of b and 42.
6
Suppose 2*k + 18*p - 2272 = 20*p, -5*p + 4526 = 4*k. What is the greatest common factor of k and 54?
54
Let t be 5*(2 - (-1 - -2)). Suppose 5*f + 278 = -5*i + 328, -5*i = 2*f - 5. What is the highest common factor of f and t?
5
Suppose -a - 1 = -8. Let r be (-3)/a + 261/21. What is the highest common divisor of r and 108?
12
Suppose -6*i + 8 + 4 = 0. Let x(h) = -h**3 + 7*h**2 - h - 6. Let k be x(-6). Suppose i*f - k = -2*f. Calculate the highest common divisor of f and 13.
13
Suppose 2*p - 12 = -2*m, 0 = -5*p + 3*m - 0*m + 30. What is the highest common divisor of 96 and p?
6
Suppose -5*k = m - 2*m - 35, 20 = 5*k - 4*m. Suppose -11 = 4*p + 9. Let d = p + k. Calculate the highest common divisor of d and 27.
3
Let l(w) = -w**2 + 2*w - 12. Let p be l(5). Let q = -17 - p. Let b be (-1380)/q*2/(-4). Calculate the highest common divisor of 46 and b.
23
Let x = -413 + 553. What is the greatest common divisor of x and 224?
28
Let p(r) = -16*r + 560. Let d be p(27). Calculate the highest common divisor of d and 1216.
64
Suppose -5*k + 2*d = -729, 3*k - 24*d = -20*d + 429. Calculate the highest common factor of 245 and k.
49
Suppose -690 = -5*s - 18*s. Calculate the greatest common divisor of 1020 and s.
30
Suppose -2*b + 40 = a, 0 = -6*b + 8*b. Let p be 1 - (-318)/(-4)*-2. What is the highest common factor of a and p?
40
Suppose -2835 = 121*y - 142*y. Let c be ((-6)/(-4))/(1/10). Calculate the highest common factor of y and c.
15
Suppose 0*l = -j - 5*l + 109, -415 = -5*j + l. What is the highest common factor of 12 and j?
12
Suppose 6*v - 240 = -0*v. Let b = 11 - 3. Suppose -4*h + 56 = 2*c, 0*h - b = -h - 2*c. What is the highest common divisor of v and h?
8
Let y = 0 - -9. Suppose 13 = 4*w + y. Calculate the highest common divisor of w and 5.
1
Let d(f) = f**3 + 6*f**2 - 8*f + 8. Let p be d(-7). Suppose 5*z - 7 - 158 = 0. Let l = z + -18. Calculate the greatest common divisor of l and p.
15
Let w(f) = -2*f**2 - 2*f - 13. Let k(d) = -5*d**2 - 5*d - 25. Let j(p) = 3*k(p) - 7*w(p). Let t be j(0). What is the highest common factor of t and 16?
16
Let v = 60 - 42. Let b be (-6)/4*(-24)/6. Suppose 131 = b*q - 193. Calculate the greatest common divisor of v and q.
18
Let p = 32 + -70. Let h = p - -113. What is the greatest common factor of 15 and h?
15
Suppose -3*o + 48 = -4*v + 7*v, 12 = 4*v. Let h be 26*(0 - 3/(-2)) - 0. Calculate the greatest common factor of h and o.
13
Let w = -4 - -8. Suppose 4*x = -5*l + 289 - 77, l - 28 = w*x. What is the greatest common factor of l and 16?
8
Let i be 9 + 1*(1 - 1). Suppose -2*f = -o - 32, -1434*o = f - 1437*o - 6. Calculate the highest common divisor of i and f.
9
Let j = -17 - -33. Let d(t) be the third derivative of 11*t**5/6 + t**4/6 - t**3/3 + 12*t**2. Let b be d(1). What is the highest common factor of b and j?
16
Suppose 52 - 168 = 4*s. Let t(u) = u**2 + 24. Let h be t(-6). Let q = s + h. Calculate the greatest common divisor of 248 and q.
31
Let s = -62 + 100. Let v = -8 + s. Calculate the greatest common divisor of 120 and v.
30
Let j be (-1 + 653/2)*102/153. Calculate the greatest common factor of 186 and j.
31
Let z = 1298 - 1182. What is the highest common divisor of 87 and z?
29
Let d be 45/(-30) - (-3)/2. Let z(b) be the first derivative of -b**4/4 - b**3/3 + 8*b + 10. Let g be z(d). What is the highest common factor of g and 24?
8
Suppose -152 = -234*x + 226*x. Calculate the greatest common factor of x and 1.
1
Let b be ((-16)/12)/(-4)*51. Let i = b + -7. Suppose -p = 5*n - 20, -2*n = -p + 5*p + i. Calculate the greatest common factor of n and 45.
5
Let a(c) = 10*c + 2. Let i(m) = -1. Let p(q) = -a(q) + 4*i(q). Let j be (1 - 1)/8 + -6. Let f be p(j). What is the greatest common divisor of f and 135?
27
Suppose -5*p - 104 = -294. Calculate the greatest common factor of 19 and p.
19
Let w = 123 - -53. Calculate the highest common divisor of 22 and w.
22
Let y(z) = z + 14. Let c be ((-4)/6)/(11/(-429)). Let w be y(c). Calculate the greatest common factor of w and 32.
8
Suppose -5*d = 2*l + l - 21, -3*d - 69 = -5*l. Let h = 398 - -62. Suppose -5*f = -20 - h. What is the greatest common factor of f and l?
12
Let m be (-3)/2 - (-110)/4 - 3. Let h = 19 + m. What is the highest common factor of 462 and h?
42
Suppose -4*q = 3*c - 1012, -1047 = -5*q - 3*c + 221. Suppose -3*z - 2*i = -88, -3*i = -8*i - 20. Calculate the greatest common divisor of q and z.
32
Let p = -37 + 34. Let o = 2 - p. Calculate the highest common divisor of o and 15.
5
Let s = -6 - -11. Suppose 0 = -3*u + x + 262, s*u = 2*x + 412 + 26. Suppose -20 = 2*c - u. Calculate the greatest common factor of c and 3.
3
Suppose 5520 = 41*c - 33*c. Calculate the highest common factor of 60 and c.
30
Suppose -314 - 94 = -6*s. Calculate the greatest common factor of s and 544.
68
Let h(v) = 9*v**3 + 5*v**2 - 25*v. Let u be h(7). Calculate the highest common divisor of 41 and u.
41
Let y = -187 - -203. Calculate the greatest common factor of y and 280.
8
Let b = 536 + -504. Calculate the highest common divisor of 1 and b.
1
Suppose 0 = -2*z + 4*f - 4, f = -3*z - z + 1. Suppose 0 = x, z = -k + 5*k - 4*x - 32. Calculate the highest common factor of k and 8.
8
Suppose -4*a + 22 = -14. Let f(n) = -25*n - 2137. Let w be f(-88). Calculate the greatest common divisor of w and a.
9
Suppose -2*f - f + 210 = 0. Calculate the greatest common factor of f and 56.
14
Let t(o) = -o**3 - 6*o**2 - 4*o - 9. Let x be t(-6). Suppose -l - 4*l + x = 0. Suppose -3 + 6 = l*i. Calculate the greatest common divisor of 5 and i.
1
Suppose -y + 36 = 2*a, -19*y + 17*y + 84 = -2*a. Calculate the greatest common divisor of 680 and y.
40
Let u(t) = 3*t + 279. Let d be u(11). Calculate the greatest common factor of d and 39.
39
Let n = -318 + 321. Let d = -4 - -1. Let v be (d/4)/(5/(-140)). What is the greatest common divisor of n and v?
3
Suppose -3*i = -44 - 16. Suppose -i = -b - 3*t, 5*b + 4*t - 56 = b. What is the highest common divisor of 11 and b?
11
Suppose -2*x - 16*x = -252. What is the greatest common factor of 63 and x?
7
Suppose -4*o - 2997 = -r, -5*r + 16*o = 12*o - 14921. What is the highest common divisor of 11 and r?
11
Let y be (-124)/(-6)*(6 - 9). Let z = -26 - y. Calculate the highest common factor of z and 24.
12
Let g = -116 - -166. Suppose h - 3*h + g = 0. Let r be (-2 + 4)/(-6)*0 - -275. Calculate the highest common factor of r and h.
25
Let i(q) = 45*q**2 - 4*q - 4. Let f be i(-2). Suppose -t + 148 = t. Suppose s = f - t. Calculate the greatest common divisor of s and 10.
10
Let q = -243 - -249. Calculate the greatest common divisor of q and 33.
3
Suppose 3*p - 11 = 61. Let d = 2 + 6. Calculate the highest common factor of d and p.
8
Let p = 131 + 40. What is the highest common divisor of 19 and p?
19
Let w = -15 + 42. Suppose -w = -h - 2*h. 